{"id":5922,"date":"2023-03-07T13:26:55","date_gmt":"2023-03-07T11:26:55","guid":{"rendered":"https:\/\/mobiladeluxonline.ro\/?post_type=product&#038;p=5922"},"modified":"2025-08-14T13:05:35","modified_gmt":"2025-08-14T11:05:35","slug":"masa-cafea-bolivia","status":"publish","type":"product","link":"https:\/\/mobiladeluxonline.ro\/en\/p\/masa-cafea-bolivia\/","title":{"rendered":"Masa cafea Bolivia"},"content":{"rendered":"<p>Masa cafea Bolivia<\/p>\n<p><strong>Set de masute de cafea in 2 piese Bolivia, crom &#8211; Un design unic, ideal pentru o amenajare moderna &amp; glamour<\/strong><\/p>\n<p>Setul de m\u0103su\u021be de cafea Bolivia aduce un rafinament aparte, devenind rapid piesa central\u0103 a oric\u0103rui living modern. Creat pentru a impresiona nu doar prin utilitate, ci \u0219i printr-o estetic\u0103 deosebit\u0103, acest set combin\u0103 materialele de \u00eenalt\u0103 calitate cu detaliile de design de lux. Blatul din sticl\u0103 securizat\u0103, disponibil \u00een variantele de ar\u0103miu sau negru, completeaz\u0103 armonios picioarele metalice str\u0103lucitoare cromate. \u00cempreun\u0103, aceste elemente creeaz\u0103 un contrast vibrant \u0219i sofisticat, care evoc\u0103 un ambient de lux.<\/p>\n<p>Blatul lucios creeaz\u0103 un joc subtil cu lumina din \u00eenc\u0103pere, pentru un efect vizual dinamic \u0219i o atmosfer\u0103 cald\u0103 \u0219i primitoare. Forma geometric\u0103 a bazei metalice, inspirat\u0103 din liniile moderne \u0219i minimaliste, adaug\u0103 profunzime \u0219i textur\u0103 spa\u021biului. Aceste detalii elegante completeaz\u0103 perfect un decor contemporan, transform\u00e2nd m\u0103su\u021bele \u00eentr-o veritabil\u0103 pies\u0103 de rezisten\u021b\u0103.<\/p>\n<p>Pentru a pune \u00een valoare setul de m\u0103su\u021be Bolivia, adaug\u0103 elemente decorative precum vaze cu flori, lampadare elegante sau c\u0103r\u021bi de art\u0103, toate contribuind la o atmosfer\u0103 sofisticat\u0103. Integreaz\u0103 aceste m\u0103su\u021be cu modele de canapele si coltare\u00a0din stofe rafinate sau catifea, covoare pufoase \u0219i perne moi, pentru a crea o oaz\u0103 de relaxare \u00een living.<\/p>\n<p>*Preturile afisate includ TVA si nu includ transport si montaj<\/p>","protected":false},"excerpt":{"rendered":"<p>Masa cafea Bolivia .Mobilier Import Turcia.Canapele fixe si extensibile,coltare,fotolii,paturi tapitate cu lada<\/p>","protected":false},"featured_media":7725,"comment_status":"open","ping_status":"closed","template":"","meta":[],"product_brand":[],"product_cat":[556,40,544,545,52,33],"product_tag":[],"class_list":["post-5922","product","type-product","status-publish","has-post-thumbnail","product_cat-bolivia-canapele-si-fotolii","product_cat-canapele-si-coltare","product_cat-bolivia","product_cat-bolivia-canapele-si-coltare","product_cat-coltare-canapele-si-fotolii","product_cat-mobila-moderna","first","instock","shipping-taxable","purchasable","product-type-simple"],"yoast_head":"<!-- This site is optimized with the Yoast SEO plugin v28.3 - https:\/\/yoast.com\/product\/yoast-seo-wordpress\/ -->\n<title>Masa cafea Bolivia - MobilaDeLuxOnline.ro<\/title>\n<meta name=\"description\" content=\"Masa cafea Bolivia . Import Turcia.Canapele fixe si extensibile,coltare,fotolii,paturi tapitate cu lada\" \/>\n<meta name=\"robots\" content=\"index, follow, max-snippet:-1, max-image-preview:large, max-video-preview:-1\" \/>\n<link rel=\"canonical\" href=\"https:\/\/mobiladeluxonline.ro\/en\/p\/masa-cafea-bolivia\/\" \/>\n<meta property=\"og:locale\" content=\"en_US\" \/>\n<meta property=\"og:type\" content=\"article\" \/>\n<meta property=\"og:title\" content=\"Masa cafea Bolivia - MobilaDeLuxOnline.ro\" \/>\n<meta property=\"og:description\" content=\"Masa cafea Bolivia . Import Turcia.Canapele fixe si extensibile,coltare,fotolii,paturi tapitate cu lada\" \/>\n<meta property=\"og:url\" content=\"https:\/\/mobiladeluxonline.ro\/en\/p\/masa-cafea-bolivia\/\" \/>\n<meta property=\"og:site_name\" content=\"MobilaDeLuxOnline.ro\" \/>\n<meta property=\"article:modified_time\" content=\"2025-08-14T11:05:35+00:00\" \/>\n<meta property=\"og:image\" content=\"https:\/\/mobiladeluxonline.ro\/wp-content\/uploads\/2023\/03\/masa.jpg\" \/>\n\t<meta property=\"og:image:width\" content=\"769\" \/>\n\t<meta property=\"og:image:height\" content=\"766\" \/>\n\t<meta property=\"og:image:type\" content=\"image\/jpeg\" \/>\n<meta name=\"twitter:card\" content=\"summary_large_image\" \/>\n<meta name=\"twitter:label1\" content=\"Est. reading time\" \/>\n\t<meta name=\"twitter:data1\" content=\"2 minutes\" \/>\n<script type=\"application\/ld+json\" class=\"yoast-schema-graph\">{\"@context\":\"https:\\\/\\\/schema.org\",\"@graph\":[{\"@type\":\"WebPage\",\"@id\":\"https:\\\/\\\/mobiladeluxonline.ro\\\/p\\\/masa-cafea-bolivia\\\/\",\"url\":\"https:\\\/\\\/mobiladeluxonline.ro\\\/p\\\/masa-cafea-bolivia\\\/\",\"name\":\"Masa cafea Bolivia - MobilaDeLuxOnline.ro\",\"isPartOf\":{\"@id\":\"https:\\\/\\\/mobiladeluxonline.ro\\\/#website\"},\"primaryImageOfPage\":{\"@id\":\"https:\\\/\\\/mobiladeluxonline.ro\\\/p\\\/masa-cafea-bolivia\\\/#primaryimage\"},\"image\":{\"@id\":\"https:\\\/\\\/mobiladeluxonline.ro\\\/p\\\/masa-cafea-bolivia\\\/#primaryimage\"},\"thumbnailUrl\":\"https:\\\/\\\/mobiladeluxonline.ro\\\/wp-content\\\/uploads\\\/2023\\\/03\\\/masa.jpg\",\"datePublished\":\"2023-03-07T11:26:55+00:00\",\"dateModified\":\"2025-08-14T11:05:35+00:00\",\"description\":\"Masa cafea Bolivia . Import Turcia.Canapele fixe si extensibile,coltare,fotolii,paturi tapitate cu lada\",\"breadcrumb\":{\"@id\":\"https:\\\/\\\/mobiladeluxonline.ro\\\/p\\\/masa-cafea-bolivia\\\/#breadcrumb\"},\"inLanguage\":\"en-US\",\"potentialAction\":[{\"@type\":\"ReadAction\",\"target\":[\"https:\\\/\\\/mobiladeluxonline.ro\\\/p\\\/masa-cafea-bolivia\\\/\"]}]},{\"@type\":\"ImageObject\",\"inLanguage\":\"en-US\",\"@id\":\"https:\\\/\\\/mobiladeluxonline.ro\\\/p\\\/masa-cafea-bolivia\\\/#primaryimage\",\"url\":\"https:\\\/\\\/mobiladeluxonline.ro\\\/wp-content\\\/uploads\\\/2023\\\/03\\\/masa.jpg\",\"contentUrl\":\"https:\\\/\\\/mobiladeluxonline.ro\\\/wp-content\\\/uploads\\\/2023\\\/03\\\/masa.jpg\",\"width\":769,\"height\":766},{\"@type\":\"BreadcrumbList\",\"@id\":\"https:\\\/\\\/mobiladeluxonline.ro\\\/p\\\/masa-cafea-bolivia\\\/#breadcrumb\",\"itemListElement\":[{\"@type\":\"ListItem\",\"position\":1,\"name\":\"Prima pagin\u0103\",\"item\":\"https:\\\/\\\/mobiladeluxonline.ro\\\/\"},{\"@type\":\"ListItem\",\"position\":2,\"name\":\"Produse\",\"item\":\"https:\\\/\\\/mobiladeluxonline.ro\\\/produse\\\/\"},{\"@type\":\"ListItem\",\"position\":3,\"name\":\"Masa cafea Bolivia\"}]},{\"@type\":\"WebSite\",\"@id\":\"https:\\\/\\\/mobiladeluxonline.ro\\\/#website\",\"url\":\"https:\\\/\\\/mobiladeluxonline.ro\\\/\",\"name\":\"MobilaDeLuxOnline.ro\",\"description\":\"\",\"potentialAction\":[{\"@type\":\"SearchAction\",\"target\":{\"@type\":\"EntryPoint\",\"urlTemplate\":\"https:\\\/\\\/mobiladeluxonline.ro\\\/?s={search_term_string}\"},\"query-input\":{\"@type\":\"PropertyValueSpecification\",\"valueRequired\":true,\"valueName\":\"search_term_string\"}}],\"inLanguage\":\"en-US\"}]}<\/script>\n<!-- \/ Yoast SEO plugin. -->","yoast_head_json":{"title":"Masa cafea Bolivia - MobilaDeLuxOnline.ro","description":"Masa cafea Bolivia . Import Turcia.Canapele fixe si extensibile,coltare,fotolii,paturi tapitate cu lada","robots":{"index":"index","follow":"follow","max-snippet":"max-snippet:-1","max-image-preview":"max-image-preview:large","max-video-preview":"max-video-preview:-1"},"canonical":"https:\/\/mobiladeluxonline.ro\/en\/p\/masa-cafea-bolivia\/","og_locale":"en_US","og_type":"article","og_title":"Masa cafea Bolivia - MobilaDeLuxOnline.ro","og_description":"Masa cafea Bolivia . Import Turcia.Canapele fixe si extensibile,coltare,fotolii,paturi tapitate cu lada","og_url":"https:\/\/mobiladeluxonline.ro\/en\/p\/masa-cafea-bolivia\/","og_site_name":"MobilaDeLuxOnline.ro","article_modified_time":"2025-08-14T11:05:35+00:00","og_image":[{"width":769,"height":766,"url":"https:\/\/mobiladeluxonline.ro\/wp-content\/uploads\/2023\/03\/masa.jpg","type":"image\/jpeg"}],"twitter_card":"summary_large_image","twitter_misc":{"Est. reading time":"2 minutes"},"schema":{"@context":"https:\/\/schema.org","@graph":[{"@type":"WebPage","@id":"https:\/\/mobiladeluxonline.ro\/p\/masa-cafea-bolivia\/","url":"https:\/\/mobiladeluxonline.ro\/p\/masa-cafea-bolivia\/","name":"Masa cafea Bolivia - MobilaDeLuxOnline.ro","isPartOf":{"@id":"https:\/\/mobiladeluxonline.ro\/#website"},"primaryImageOfPage":{"@id":"https:\/\/mobiladeluxonline.ro\/p\/masa-cafea-bolivia\/#primaryimage"},"image":{"@id":"https:\/\/mobiladeluxonline.ro\/p\/masa-cafea-bolivia\/#primaryimage"},"thumbnailUrl":"https:\/\/mobiladeluxonline.ro\/wp-content\/uploads\/2023\/03\/masa.jpg","datePublished":"2023-03-07T11:26:55+00:00","dateModified":"2025-08-14T11:05:35+00:00","description":"Masa cafea Bolivia . Import Turcia.Canapele fixe si extensibile,coltare,fotolii,paturi tapitate cu lada","breadcrumb":{"@id":"https:\/\/mobiladeluxonline.ro\/p\/masa-cafea-bolivia\/#breadcrumb"},"inLanguage":"en-US","potentialAction":[{"@type":"ReadAction","target":["https:\/\/mobiladeluxonline.ro\/p\/masa-cafea-bolivia\/"]}]},{"@type":"ImageObject","inLanguage":"en-US","@id":"https:\/\/mobiladeluxonline.ro\/p\/masa-cafea-bolivia\/#primaryimage","url":"https:\/\/mobiladeluxonline.ro\/wp-content\/uploads\/2023\/03\/masa.jpg","contentUrl":"https:\/\/mobiladeluxonline.ro\/wp-content\/uploads\/2023\/03\/masa.jpg","width":769,"height":766},{"@type":"BreadcrumbList","@id":"https:\/\/mobiladeluxonline.ro\/p\/masa-cafea-bolivia\/#breadcrumb","itemListElement":[{"@type":"ListItem","position":1,"name":"Prima pagin\u0103","item":"https:\/\/mobiladeluxonline.ro\/"},{"@type":"ListItem","position":2,"name":"Produse","item":"https:\/\/mobiladeluxonline.ro\/produse\/"},{"@type":"ListItem","position":3,"name":"Masa cafea Bolivia"}]},{"@type":"WebSite","@id":"https:\/\/mobiladeluxonline.ro\/#website","url":"https:\/\/mobiladeluxonline.ro\/","name":"MobilaDeLuxOnline.ro","description":"","potentialAction":[{"@type":"SearchAction","target":{"@type":"EntryPoint","urlTemplate":"https:\/\/mobiladeluxonline.ro\/?s={search_term_string}"},"query-input":{"@type":"PropertyValueSpecification","valueRequired":true,"valueName":"search_term_string"}}],"inLanguage":"en-US"}]}},"_links":{"self":[{"href":"https:\/\/mobiladeluxonline.ro\/en\/wp-json\/wp\/v2\/product\/5922","targetHints":{"allow":["GET"]}}],"collection":[{"href":"https:\/\/mobiladeluxonline.ro\/en\/wp-json\/wp\/v2\/product"}],"about":[{"href":"https:\/\/mobiladeluxonline.ro\/en\/wp-json\/wp\/v2\/types\/product"}],"replies":[{"embeddable":true,"href":"https:\/\/mobiladeluxonline.ro\/en\/wp-json\/wp\/v2\/comments?post=5922"}],"wp:featuredmedia":[{"embeddable":true,"href":"https:\/\/mobiladeluxonline.ro\/en\/wp-json\/wp\/v2\/media\/7725"}],"wp:attachment":[{"href":"https:\/\/mobiladeluxonline.ro\/en\/wp-json\/wp\/v2\/media?parent=5922"}],"wp:term":[{"taxonomy":"product_brand","embeddable":true,"href":"https:\/\/mobiladeluxonline.ro\/en\/wp-json\/wp\/v2\/product_brand?post=5922"},{"taxonomy":"product_cat","embeddable":true,"href":"https:\/\/mobiladeluxonline.ro\/en\/wp-json\/wp\/v2\/product_cat?post=5922"},{"taxonomy":"product_tag","embeddable":true,"href":"https:\/\/mobiladeluxonline.ro\/en\/wp-json\/wp\/v2\/product_tag?post=5922"}],"curies":[{"name":"wp","href":"https:\/\/api.w.org\/{rel}","templated":true}]}}

<p>Masa cafea Bolivia</p>
<p><strong>Set de masute de cafea in 2 piese Bolivia, crom &#8211; Un design unic, ideal pentru o amenajare moderna &amp; glamour</strong></p>
<p>Setul de măsuțe de cafea Bolivia aduce un rafinament aparte, devenind rapid piesa centrală a oricărui living modern. Creat pentru a impresiona nu doar prin utilitate, ci și printr-o estetică deosebită, acest set combină materialele de înaltă calitate cu detaliile de design de lux. Blatul din sticlă securizată, disponibil în variantele de arămiu sau negru, completează armonios picioarele metalice strălucitoare cromate. Împreună, aceste elemente creează un contrast vibrant și sofisticat, care evocă un ambient de lux.</p>
<p>Blatul lucios creează un joc subtil cu lumina din încăpere, pentru un efect vizual dinamic și o atmosferă caldă și primitoare. Forma geometrică a bazei metalice, inspirată din liniile moderne și minimaliste, adaugă profunzime și textură spațiului. Aceste detalii elegante completează perfect un decor contemporan, transformând măsuțele într-o veritabilă piesă de rezistență.</p>
<p>Pentru a pune în valoare setul de măsuțe Bolivia, adaugă elemente decorative precum vaze cu flori, lampadare elegante sau cărți de artă, toate contribuind la o atmosferă sofisticată. Integrează aceste măsuțe cu modele de canapele si coltare din stofe rafinate sau catifea, covoare pufoase și perne moi, pentru a crea o oază de relaxare în living.</p>
<p>*Preturile afisate includ TVA si nu includ transport si montaj</p>

<!-- This site is optimized with the Yoast SEO plugin v28.3 - https://yoast.com/product/yoast-seo-wordpress/ -->
<title>Masa cafea Bolivia - MobilaDeLuxOnline.ro</title>
<meta name="description" content="Masa cafea Bolivia . Import Turcia.Canapele fixe si extensibile,coltare,fotolii,paturi tapitate cu lada" />
<meta name="robots" content="index, follow, max-snippet:-1, max-image-preview:large, max-video-preview:-1" />
<link rel="canonical" href="https://mobiladeluxonline.ro/en/p/masa-cafea-bolivia/" />
<meta property="og:locale" content="en_US" />
<meta property="og:type" content="article" />
<meta property="og:title" content="Masa cafea Bolivia - MobilaDeLuxOnline.ro" />
<meta property="og:description" content="Masa cafea Bolivia . Import Turcia.Canapele fixe si extensibile,coltare,fotolii,paturi tapitate cu lada" />
<meta property="og:url" content="https://mobiladeluxonline.ro/en/p/masa-cafea-bolivia/" />
<meta property="og:site_name" content="MobilaDeLuxOnline.ro" />
<meta property="article:modified_time" content="2025-08-14T11:05:35+00:00" />
<meta property="og:image" content="https://mobiladeluxonline.ro/wp-content/uploads/2023/03/masa.jpg" />
	<meta property="og:image:width" content="769" />
	<meta property="og:image:height" content="766" />
	<meta property="og:image:type" content="image/jpeg" />
<meta name="twitter:card" content="summary_large_image" />
<meta name="twitter:label1" content="Est. reading time" />
	<meta name="twitter:data1" content="2 minutes" />
<script type="application/ld+json" class="yoast-schema-graph">{"@context":"https:\/\/schema.org","@graph":[{"@type":"WebPage","@id":"https:\/\/mobiladeluxonline.ro\/p\/masa-cafea-bolivia\/","url":"https:\/\/mobiladeluxonline.ro\/p\/masa-cafea-bolivia\/","name":"Masa cafea Bolivia - MobilaDeLuxOnline.ro","isPartOf":{"@id":"https:\/\/mobiladeluxonline.ro\/#website"},"primaryImageOfPage":{"@id":"https:\/\/mobiladeluxonline.ro\/p\/masa-cafea-bolivia\/#primaryimage"},"image":{"@id":"https:\/\/mobiladeluxonline.ro\/p\/masa-cafea-bolivia\/#primaryimage"},"thumbnailUrl":"https:\/\/mobiladeluxonline.ro\/wp-content\/uploads\/2023\/03\/masa.jpg","datePublished":"2023-03-07T11:26:55+00:00","dateModified":"2025-08-14T11:05:35+00:00","description":"Masa cafea Bolivia . Import Turcia.Canapele fixe si extensibile,coltare,fotolii,paturi tapitate cu lada","breadcrumb":{"@id":"https:\/\/mobiladeluxonline.ro\/p\/masa-cafea-bolivia\/#breadcrumb"},"inLanguage":"en-US","potentialAction":[{"@type":"ReadAction","target":["https:\/\/mobiladeluxonline.ro\/p\/masa-cafea-bolivia\/"]}]},{"@type":"ImageObject","inLanguage":"en-US","@id":"https:\/\/mobiladeluxonline.ro\/p\/masa-cafea-bolivia\/#primaryimage","url":"https:\/\/mobiladeluxonline.ro\/wp-content\/uploads\/2023\/03\/masa.jpg","contentUrl":"https:\/\/mobiladeluxonline.ro\/wp-content\/uploads\/2023\/03\/masa.jpg","width":769,"height":766},{"@type":"BreadcrumbList","@id":"https:\/\/mobiladeluxonline.ro\/p\/masa-cafea-bolivia\/#breadcrumb","itemListElement":[{"@type":"ListItem","position":1,"name":"Prima pagină","item":"https:\/\/mobiladeluxonline.ro\/"},{"@type":"ListItem","position":2,"name":"Produse","item":"https:\/\/mobiladeluxonline.ro\/produse\/"},{"@type":"ListItem","position":3,"name":"Masa cafea Bolivia"}]},{"@type":"WebSite","@id":"https:\/\/mobiladeluxonline.ro\/#website","url":"https:\/\/mobiladeluxonline.ro\/","name":"MobilaDeLuxOnline.ro","description":"","potentialAction":[{"@type":"SearchAction","target":{"@type":"EntryPoint","urlTemplate":"https:\/\/mobiladeluxonline.ro\/?s={search_term_string}"},"query-input":{"@type":"PropertyValueSpecification","valueRequired":true,"valueName":"search_term_string"}}],"inLanguage":"en-US"}]}</script>
<!-- / Yoast SEO plugin. -->

Prima pagină
